n 646 is divided by 65.
61
Calculate the remainder when 94 is divided by 15.
4
Calculate the remainder when 120 is divided by 13.
3
What is the remainder when 186 is divided by 75?
36
What is the remainder when 2131 is divided by 696?
43
What is the remainder when 86 is divided by 17?
1
What is the remainder when 491 is divided by 41?
40
Calculate the remainder when 52 is divided by 11.
8
Calculate the remainder when 1109 is divided by 4.
1
What is the remainder when 182 is divided by 94?
88
Calculate the remainder when 4165 is divided by 83.
15
What is the remainder when 61 is divided by 29?
3
What is the remainder when 1433 is divided by 421?
170
Calculate the remainder when 1881 is divided by 12.
9
Calculate the remainder when 788 is divided by 3.
2
Calculate the remainder when 415 is divided by 138.
1
What is the remainder when 791 is divided by 7?
0
What is the remainder when 1258 is divided by 7?
5
What is the remainder when 4032 is divided by 805?
7
What is the remainder when 35 is divided by 5?
0
Calculate the remainder when 2588 is divided by 153.
140
Calculate the remainder when 827 is divided by 83.
80
Calculate the remainder when 751 is divided by 26.
23
Calculate the remainder when 1345 is divided by 27.
22
Calculate the remainder when 179 is divided by 101.
78
Calculate the remainder when 277 is divided by 71.
64
Calculate the remainder when 1149 is divided by 143.
5
Calculate the remainder when 11480 is divided by 33.
29
What is the remainder when 231 is divided by 37?
9
What is the remainder when 335 is divided by 77?
27
Calculate the remainder when 396 is divided by 280.
116
Calculate the remainder when 3519 is divided by 46.
23
What is the remainder when 1877 is divided by 40?
37
Calculate the remainder when 115 is divided by 39.
37
What is the remainder when 311 is divided by 122?
67
What is the remainder when 1034 is divided by 22?
0
What is the remainder when 669 is divided by 309?
51
Calculate the remainder when 505 is divided by 104.
89
Calculate the remainder when 616 is divided by 70.
56
What is the remainder when 105 is divided by 40?
25
Calculate the remainder when 243 is divided by 61.
60
What is the remainder when 124 is divided by 21?
19
What is the remainder when 403 is divided by 11?
7
What is the remainder when 619 is divided by 27?
25
Calculate the remainder when 207 is divided by 24.
15
Calculate the remainder when 4102 is divided by 152.
150
What is the remainder when 338 is divided by 18?
14
What is the remainder when 112 is divided by 17?
10
What is the remainder when 175 is divided by 11?
10
Calculate the remainder when 6662 is divided by 3330.
2
What is the remainder when 2698 is divided by 135?
133
Calculate the remainder when 145 is divided by 49.
47
Calculate the remainder when 702 is divided by 230.
12
What is the remainder when 1207 is divided by 27?
19
What is the remainder when 477 is divided by 60?
57
Calculate the remainder when 4030 is divided by 446.
16
Calculate the remainder when 172 is divided by 85.
2
Calculate the remainder when 300 is divided by 28.
20
Calculate the remainder when 3537 is divided by 1179.
0
What is the remainder when 58 is divided by 5?
3
What is the remainder when 5803 is divided by 135?
133
What is the remainder when 10085 is divided by 19?
15
Calculate the remainder when 684 is divided by 130.
34
Calculate the remainder when 201 is divided by 72.
57
What is the remainder when 2050 is divided by 71?
62
Calculate the remainder when 101 is divided by 24.
5
What is the remainder when 54 is divided by 14?
12
Calculate the remainder when 182 is divided by 11.
6
What is the remainder when 327 is divided by 105?
12
What is the remainder when 1163 is divided by 285?
23
What is the remainder when 162 is divided by 67?
28
Calculate the remainder when 75 is divided by 50.
25
Calculate the remainder when 238 is divided by 13.
4
What is the remainder when 1817 is divided by 304?
297
Calculate the remainder when 24 is divided by 9.
6
Calculate the remainder when 25 is divided by 16.
9
Calculate the remainder when 27 is divided by 16.
11
What is the remainder when 23 is divided by 13?
10
Calculate the remainder when 293 is divided by 75.
68
What is the remainder when 4980 is divided by 47?
45
What is the remainder when 249 is divided by 51?
45
Calculate the remainder when 219 is divided by 22.
21
Calculate the remainder when 2661 is divided by 148.
145
What is the remainder when 142 is divided by 50?
42
What is the remainder when 322 is divided by 12?
10
Calculate the remainder when 8338 is divided by 20.
18
Calculate the remainder when 2078 is divided by 130.
128
Calculate the remainder when 1509 is divided by 126.
123
What is the remainder when 449 is divided by 111?
5
What is the remainder when 7917 is divided by 20?
17
Calculate the remainder when 414 is divided by 139.
136
What is the remainder when 322 is divided by 65?
62
Calculate the remainder when 1086 is divided by 34.
32
Calculate the remainder when 296 is divided by 153.
143
What is the remainder when 896 is divided by 21?
14
What is the remainder when 174 is divided by 155?
19
Calculate the remainder when 377 is divided by 85.
37
What is the remainder when 425 is divided by 213?
212
What is the remainder when 101 is divided by 30?
11
What is the remainder when 211 is divided by 15?
1
Calculate the remainder when 6399 is divided by 6.
3
What is the remainder when 362 is divided by 93?
83
What is the remainder when 10096 is divided by 51?
49
Calculate the remainder when 622 is divided by 125.
122
What is the remainder when 3578 is divided by 211?
202
Calculate the remainder when 484 is divided by 239.
6
Calculate the remainder when 3886 is divided by 108.
106
What is the remainder when 199 is divided by 6?
1
Calculate the remainder when 119 is divided by 63.
56
Calculate the remainder when 241 is divided by 69.
34
Calculate the remainder when 702 is divided by 136.
22
What is the remainder when 2896 is divided by 50?
46
What is the remainder when 10060 is divided by 39?
37
What is the remainder when 124 is divided by 57?
10
What is the remainder when 384 is divided by 146?
92
What is the remainder when 221 is divided by 15?
11
Calculate the remainder when 13419 is divided by 31.
27
Calculate the remainder when 744 is divided by 133.
79
What is the remainder when 492 is divided by 125?
117
What is the remainder when 137 is divided by 20?
17
What is the remainder when 151 is divided by 65?
21
Calculate the remainder when 2442 is divided by 163.
160
What is the remainder when 1591 is divided by 529?
4
Calculate the remainder when 52 is divided by 19.
14
Calculate the remainder when 223 is divided by 12.
7
Calculate the remainder when 410 is divided by 23.
19
What is the remainder when 12568 is divided by 15?
13
What is the remainder when 568 is divided by 296?
272
Calculate the remainder when 3166 is divided by 99.
97
Calculate the remainder when 5148 is divided by 51.
48
Calculate the remainder when 271 is divided by 92.
87
Calculate the remainder when 405 is divided by 139.
127
Calculate the remainder when 51 is divided by 27.
24
Calculate the remainder when 51 is divided by 23.
5
Calculate the remainder when 8430 is divided by 2808.
6
What is the remainder when 293 is divided by 7?
6
What is the remainder when 1141 is divided by 162?
7
What is the remainder when 1342 is divided by 219?
28
Calculate the remainder when 1616 is divided by 232.
224
Calculate the remainder when 95 is divided by 34.
27
Calculate the remainder when 157 is divided by 32.
29
What is the remainder when 102 is divided by 18?
12
Calculate the remainder when 1096 is divided by 44.
40
What is the remainder when 519 is divided by 30?
9
Calculate the remainder when 183 is divided by 99.
84
What is the remainder when 76 is divided by 7?
6
Calculate the remainder when 260 is divided by 63.
8
Calculate the remainder when 121 is divided by 22.
11
Calculate the remainder when 1895 is divided by 9.
5
Calculate the remainder when 61 is divided by 9.
7
Calculate the remainder when 7711 is divided by 38.
35
Calculate the remainder when 704 is divided by 47.
46
What is the remainder when 211 is divided by 31?
25
What is the remainder when 219 is divided by 57